 and g.
24
Suppose -6352 + 20241 = 43*f. Calculate the greatest common divisor of 19 and f.
19
Let u(z) = -2*z - 3. Let c be u(-3). Let v be (-1 - -1 - 6)/(-2). Suppose 72 = 4*g - 4*a, 2*g = -0*a + v*a + 33. Calculate the highest common factor of c and g.
3
Let y = 42 - 38. Let x be (-15)/6*y/2*-1. What is the highest common divisor of x and 40?
5
Let p = 1380 - 980. Suppose 2*y = -3*y + p. Calculate the highest common factor of y and 10.
10
Let r(m) = -9*m - 19. Let z be r(13). Let p = -79 - z. What is the highest common factor of 38 and p?
19
Suppose -114 = -h - 2*m, 2*h + h = -5*m + 345. Suppose -89 = -3*t + 1. What is the highest common factor of t and h?
30
Let y(j) = j + 4. Let l be y(5). Suppose 4*i - m - 5 = 10, 20 = 3*i + m. Suppose 30 = i*a - 0*a. Calculate the greatest common factor of l and a.
3
Let m(w) = -w**3 - 13*w**2 - 13*w + 18. Let u be m(-12). Suppose u = 13*f - 11*f. What is the greatest common factor of f and 5?
5
Let t = 15 + -12. Suppose 51 = 3*x - c - c, -48 = -t*x + c. Let z be x/(-20) - 23/(-4). Calculate the greatest common divisor of z and 5.
5
Let o(m) = m**2 + 2. Let d be o(-2). Let a = 20 - d. Let c = -46 - -81. Calculate the greatest common factor of a and c.
7
Let k = -37 - -22. Let q = k + -44. Let r = q - -109. Calculate the highest common factor of r and 5.
5
Let h be ((-168)/140)/(1*(-2)/10). Suppose -2*c = 2*c - 48. What is the greatest common divisor of h and c?
6
Let y(r) = 12*r + 571. Let p be y(32). What is the greatest common divisor of 10 and p?
5
Let r = -14 - -963. Calculate the highest common factor of r and 13.
13
Let k = 616 + -596. What is the greatest common factor of k and 18?
2
Suppose 0 = 2*h - 6, 0*h + 3*h = -5*x + 29. Suppose -21 = -v - 2*r, -v - x*r + 16 + 11 = 0. Let j = 55 - v. Calculate the greatest common divisor of j and 5.
5
Let w be ((-3)/((-3)/(-40)))/(-1). Let q(v) = 25*v - 65. Let h be q(3). What is the highest common factor of h and w?
10
Suppose -1 = h - 3*h - 5*c, -14 = -3*h + 5*c. Suppose h*x = -x. Suppose -5*v = -x*v - 35. What is the highest common divisor of v and 7?
7
Let l be -4*5*(-6)/4. Let b = -38 + 50. Calculate the highest common factor of l and b.
6
Suppose 347*k = 342*k + 225. Suppose q + 4*q = 45. What is the highest common factor of q and k?
9
Let p(a) = -228*a**2 + a. Let y be p(-1). Let b = y - -390. Let r(f) = f**3 + 5*f**2 - 3*f - 5. Let l be r(-4). What is the greatest common divisor of b and l?
23
Let i = -824 - -1000. What is the greatest common factor of 55 and i?
11
Let i be 300/80*(-40)/(-6). Calculate the highest common divisor of 75 and i.
25
Suppose 5*r - 5*m - 40 = 0, 3*m = 2*r - 2*m - 4. Suppose -3*v = -6 - r. Let c be ((-320)/20)/((-2)/3). What is the greatest common factor of c and v?
6
Let h be (24/21)/((-26)/(-364)). Let y be (-2)/(-7) - 5/(-7). What is the highest common divisor of h and y?
1
Let d be ((-10)/(-6))/(2/30). Let f = -644 + 654. What is the greatest common divisor of d and f?
5
Let t(y) = -4*y - 6. Let v be t(4). Let u = -19 - v. Suppose 3*r + 29 = -2*m + 149, -u*r - 180 = -3*m. Calculate the greatest common factor of 24 and m.
12
Suppose -5*i = -50 - 20. Let b(k) = k**3 - 13*k**2 - 13*k + 2. Let t be b(i). Suppose 5*a - 39 = t. Calculate the highest common factor of 99 and a.
11
Let g(y) = -2*y**2 - 29*y + 15. Let x be g(-15). Suppose -3*u + 5*j = -115, x*u + 5*j = u - 35. Calculate the highest common divisor of u and 5.
5
Suppose -3938 = 14*s - 16*s + k, 0 = -2*s - 3*k + 3946. Calculate the greatest common factor of s and 10.
10
Let a be 23/(2576/18000) + 4/14. What is the highest common divisor of a and 69?
23
Let l(r) = -7*r**3 + 3*r**2 - 2. Let d be l(-2). Let u be d + -1 + (-6)/(-3). Let h = -19 + u. What is the greatest common divisor of h and 72?
24
Let h = -861 + 885. Calculate the highest common factor of 51 and h.
3
Let q = 13 - 5. Let d = -39 - -42. Suppose 4*m - 63 - 65 = -t, d*t + 96 = 3*m. What is the highest common divisor of m and q?
8
Suppose -2*l + l = -15. Let y = 19 - l. Calculate the greatest common factor of 36 and y.
4
Suppose 7 - 3 = 2*f. Suppose 5*j + 0*z = 5*z - 5, 3*j - 15 = -3*z. What is the greatest common divisor of j and f?
2
Suppose -3*g + 5*g - 4 = 0. Let s be 2/11 + (-11210)/(-418). Let a(i) = -i**2 + 28*i - 11. Let x be a(s). What is the highest common factor of g and x?
2
Suppose 4*k = -15 + 59. Let q(z) = -z**3 + 12*z**2 - 10*z - 8. Let p be q(k). Suppose -7 - 44 = -p*c. What is the highest common divisor of 153 and c?
17
Let b = -38 + 52. Let n = 21 + b. Suppose 2*v = 4*f - 10, v - f = -0*f. What is the highest common factor of n and v?
5
Suppose -4*o - 7140 = -8*g, 5*g + 16*o - 17*o - 4464 = 0. Calculate the highest common factor of g and 38.
19
Suppose -18*j + 23*j + h - 260 = 0, -230 = -5*j + 5*h. Calculate the highest common factor of 51 and j.
51
Suppose -2*g = 2, 5*b + 4*g - 63 = 3. Let j = -3801 + 3871. What is the greatest common factor of j and b?
14
Let o be 131 - 15/(-3) - -4. Let p = -130 + o. What is the greatest common divisor of 110 and p?
10
Suppose -t - 3*u + 31 = 3*t, 3*t + 2*u - 22 = 0. What is the greatest common divisor of t and 68?
4
Suppose 1 = 5*p - 14. Let q be (-9)/(-2)*(-44)/(-99). What is the highest common divisor of p and q?
1
Suppose 0 = -4*i - 4*c + 788, 10*c - 9*c = -4*i + 791. What is the greatest common factor of 528 and i?
66
Suppose -1110 = -2*s + 3*i, 5*s - 2765 = -17*i + 22*i. What is the greatest common divisor of s and 122?
61
Let r(t) = 4 - 9*t - t**2 - 1 + 3 - 4. Let n be r(-9). What is the highest common divisor of 14 and n?
2
Suppose k = -c + 6*c - 665, 3*c - 3*k - 399 = 0. What is the highest common divisor of c and 7?
7
Let p = -202 + 85. Let f = p + 190. Suppose -5*d - 75 = -j, -3*j - 5*d + 198 = f. Calculate the highest common factor of j and 20.
10
Let v(k) = -11*k - 35*k + 2*k. Let p be v(-5). What is the highest common divisor of p and 20?
20
Let k be (-1 - -1) + 1 - -41. Let m(b) = 225*b + 239. Let r be m(-1). Calculate the greatest common divisor of k and r.
14
Let i(m) = 2*m**2 - 6*m - 6. Let d be (-6)/9 + 33/9. Suppose 18 = d*a + 3. Let v be i(a). Calculate the greatest common factor of v and 42.
14
Let u(q) = 2*q + 38. Let t = 60 - 67. Let w be u(t). Calculate the highest common divisor of w and 48.
24
Suppose -3*h + 12 = -3. Suppose -c + h - 9 = 0. Let p be (3 - 2)/(c/(-36)). Calculate the highest common divisor of p and 3.
3
Let p be -12*(-9)/(-6)*-2. Calculate the greatest common divisor of p and 576.
36
Suppose -5*i + 313 = f + 2*f, 5*i + 5*f - 315 = 0. Calculate the highest common factor of 682 and i.
62
Let k(z) = -z**2 - 14*z + 51. Let a be k(-11). Calculate the greatest common divisor of 224 and a.
28
Suppose 4*t - 2*t + 3*u = 54, 0 = -5*u + 20. Let q = 36 - t. Let b be (-2)/(-6) + 10/q. Calculate the highest common factor of b and 5.
1
Let n = 171 - 93. Suppose 2*o + 4*d - n = 8*d, o = 5*d + 48. Calculate the greatest common factor of o and 22.
11
Let f = 7 - 0. Let t be (-2 + 4)*1/2. Let m be (2 + 6)/t + -1. What is the highest common factor of m and f?
7
Let x = -2 + 10. Let w = x + -2. Suppose -1118*m = -1112*m - 24. What is the highest common divisor of w and m?
2
Suppose f = -4*i - 31 + 106, 0 = 5*f + 2*i - 465. Let d = -15 + 26. Let y = f - d. Calculate the highest common divisor of 14 and y.
14
Suppose 3*k + 5*a + 256 = -169, a = -4*k - 544. Let c be -8*3/(-6) - 62. Let f = c - k. What is the highest common factor of f and 7?
7
Suppose 5*j - 262 = -4*d, -11*j + 3*d - 259 = -16*j. What is the greatest common divisor of 20 and j?
10
Suppose 0 = -5*l + 2*l + 63. Let z(f) = -f**2 + 28*f - 101. Let p be z(5). Calculate the highest common divisor of l and p.
7
Suppose 2*l + 56 - 64 = 0. Let h be (8/l + -71)/(-1). Calculate the highest common factor of h and 115.
23
Let r = -957 + 1123. What is the greatest common divisor of 1411 and r?
83
Suppose 2*o - 116 - 126 = 0. What is the highest common factor of o and 11?
11
Suppose 48*h - 49*h - 2*d = -4, -3*d + 21 = 4*h. What is the highest common divisor of 762 and h?
6
Let w(m) = m**2 - m - 17. Let c be w(-4). What is the highest common factor of c and 126?
3
Let j = 11 + -8. Suppose 0 = -2*k + b - 4*b + 140, -208 = -j*k - 4*b. What is the highest common factor of 8 and k?